 -57)?
-25
What is 11 - -2 - (3 - -2) - (29 + -2)?
-19
Calculate 4 - (8 - (-2 + 0 + 7)) - 16.
-15
What is (12 - (23 - 2)) + 4 + -12?
-17
What is (-3 - 2) + (-26 - (25 + -45))?
-11
10 - -2 - (-588 + 603)
-3
Evaluate 4 + (-1 - 3) + 4 + -13 - 8.
-17
What is the value of 8 + -1 + (-32 - -34)?
9
What is 14 + 0 + -6 + -16?
-8
Calculate -17 + 42 + 12 + -20 + 3.
20
-8 + (32 - 21) - 27
-24
What is -4 + -1 - (-7 + 33 - 34)?
3
Evaluate (0 - 11) + -110 + 104 + 4.
-13
Evaluate (25 - 16) + (-16 - -1).
-6
What is 0 + 7 + (17 - (16 + 13 + -3))?
-2
Evaluate -6 - (4 - 21) - -2.
13
Calculate -18 + 13 + 0 + (-2 - -6) + 0.
-1
What is (-4 - 1) + (12 + 1 - -9)?
17
Evaluate 4 - (11 - -1) - (-5 + 6).
-9
-32 + 12 - (-2 + (2 - 8))
-12
What is -3 + -11 + (-16 - -9 - -11)?
-10
7 + (-5 - -4) - 2 - (-5 + 1)
8
What is the value of -61 - -11 - (0 + 2 + -17)?
-35
What is the value of 10 + -11 + (8 - 6) + -7?
-6
Calculate (37 - 20) + (-1 - 12).
4
Evaluate (-16 - (-5 + (-13 - 12))) + -19.
-5
Evaluate (-38 - -15 - -11) + 19.
7
(-15 + (-5 - -7) - -4) + -16
-25
Evaluate -13 + 17 - (-2 + -16 - -4).
18
(6 - (2 + 4 + (17 - 11))) + -4
-10
Calculate -5 - 3 - (-7 - -8).
-9
Calculate (-32 + 22 - -26) + -34.
-18
What is the value of (-15 - -2) + 12 + -4 + -1?
-6
What is -455 + 451 + (0 - 16)?
-20
What is the value of -2 + 6 + (-1 + -9 - -6 - 8)?
-8
What is the value of 5 + -14 + 6 + 4 + 12?
13
(26 - 68) + 46 - 21
-17
What is -6 + (14 - 7) + 13 + 2?
16
What is the value of 1 - 8 - -8 - (1 + 5)?
-5
What is 7 + -2 + -1 + 8?
12
What is -19 + -9 + -6 + 10 - -9?
-15
What is (11 + -10 - (-10 - -1)) + (-206 - -198)?
2
What is the value of (-17 - (-5 - -8) - -24) + 0 + -19?
-15
Evaluate 9 - (25 + -13 - (4 + -1 + -2)).
-2
What is (-7 - (14 - 5 - 15)) + -2 + 2?
-1
What is 14 + 17 + (-11 - -4) + -7?
17
What is the value of -24 - (16 - (-27 + 52))?
-15
What is the value of 6 - ((-2 - 5) + -12 + 18) - 0?
7
Evaluate 5 - -7 - (-4 + -10 + 15).
11
Calculate -8 + -6 - (11 + -10) - 12.
-27
What is -1 + (7 - (26 + -8)) + 9?
-3
What is the value of -24 + -5 + 19 - (2 + 9 + -24)?
3
What is -63 - (-71 - (-37 + -1))?
-30
What is the value of -5 + (1 - -7) + 0 - (1 + -3)?
5
What is (0 - (-3 - 36)) + -14 + 0 + -1?
24
Calculate -31 - (-22 - -17) - (-9 - -3).
-20
What is -9 + (32 - 2) + (10 - 22) + 9?
18
(2 + 14 - 7) + -2
7
(-1 - -5) + (-7 - -4) + 20
21
What is the value of (3 - -1) + -10 - (-19 + (3 - 18))?
28
577 + -542 - (2 - -62)
-29
-17 - -33 - (0 + 3)
13
Evaluate -21 + (8 - -29 - 3).
13
Evaluate (0 - 7) + 16 + -4 + -9.
-4
What is -1 + (-9 + 4 - -5) + -6?
-7
What is (1 - 1) + (-8 - -6 - -3) + 1?
2
Calculate -15 - (5 + 17 + -47).
10
Calculate -16 + 18 + (-27 - -35).
10
16 + 10 + -11 + -10
5
Evaluate 253 - 250 - (0 + 16).
-13
Evaluate -3 - (-4 - (3 - -7 - 3)).
8
What is 6 + 8 + -4 + -5?
5
What is the value of (-10 - (17 + -10 + 15)) + 16?
-16
Calculate 47 + -18 + 0 + -26.
3
Calculate 20 + (2 - (8 + (3 - 2))).
13
What is the value of -1 + (-1 + -9 - (0 - 3))?
-8
Evaluate 2 - (-2 + 3 - (62 - 52) - -12).
-1
3 + 0 - (10 + -12) - 2 - -1
4
What is the value of 8 + -26 + 7 + 0 + 14 - 11?
-8
What is the value of -6 + -10 + (13 - 1)?
-4
-4 - (4 - 23) - 14
1
Calculate 20 + 4 + -48 - -27.
3
-29 - (-19 + 51 + -34)
-27
Calculate -14 + -17 - (-39 + 10).
-2
What is the value of 28 - (22 + -15) - (11 - (0 + 1))?
11
What is the value of (6 - 0) + (-5 - -2) + (-3 - -6)?
6
Calculate -11 - (2 + -39 - 2 - (-407 - -412)).
33
What is -70 + -56 + 130 - (15 - -1)?
-12
1 + 0 - (14 - (19 - -6))
12
What is 26 + (-49 - -32) + 10?
19
Calculate -7 + (-2 - (-2 + 1)) - (-3 - -6).
-11
Calculate -4 - -26 - (-99 - -112).
9
What is (-19 - -22) + (-3 - (-8 + -2))?
10
What is 11 - 14 - (16 - -7 - -1) - 4?
-31
What is the value of 18 + (-1 - 33) - -10?
-6
Evaluate 10 + (1 - -6 - (30 + -30 + -9)).
26
Calculate (-2 - 1) + -31 + -240 + 245.
-29
What is -2 - (-2 - (9 - 1) - -14 - 8)?
2
What is 7 + (-11 - (-15 - 2))?
13
2 - ((23 - 16) + 11)
-16
Evaluate (5 - (1 - 8)) + -2 + -33 + 10.
-13
Evaluate (23 - 12 - 3) + -7.
1
14 + 4 + -35 + 35
18
185 + -192 + 2 + 11
6
-15 + 1 + (39 + -19 - 18)
-12
Evaluate 0 + -2 + 8 - -3 - 21.
-12
Evaluate (4 + -5 - -3 - (4 + -4)) + 7.
9
What is the value of -4 - 1 - (0 - (1 - -4))?
0
What is -7 + -7 + (6 - (11 - 54)) + -6?
29
21 + 7 + -14 - 13
1
Calculate -19 + 7 + (10 - 17) + 4 + -13.
-28
What is the value of -5 + 23 + 61 + -96?
-17
Calculate 71 + -51 + -2 + -8 - -9.
19
Evaluate (5 + -7 - -2) + 6 - 5 - -2.
3
17 + (-7 - (29 + -27 - (2 + 1)))
11
-5 - (3 + -1) - (0 - -1) - 7
-15
What is the value of 5 + (0 - 9) - 0 - (2 + 0)?
-6
Evaluate (20 - 1) + -6 + (18 - 6).
25
What is the value of (-24 - -30) + (3 - (7 + -5) - -3)?
10
Evaluate -4 + -6 - (42 + -77).
25
Calculate -66 - -28 - -30 - (-25 + 0).
17
What is (-7 + (-3 - -11) - 2) + -8?
-9
Evaluate -8 - (8 + (16 - 3 - 4)) - -2.
-23
Calculate (-2 - (6 - 16)) + -5.
3
Calculate 8 + -8 + 9 + 2 - 29.
-18
What is (12 - (-1 - -15 - 7)) + -6?
-1
What is the value of 72 + -76 + (0 - -12 - (8 + -13))?
13
What is the value of -3 - (8 + 10 + -12 - 6)?
-3
Calculate (1 + 29 - 29) + -8.
-7
What is the value of (1 - -40) + 1162 + -1205?
-2
-46 + 10 + 18 - -42
24
What is the value of -20 - (14 + (-17 - -12))?
-29
What is -1 + -5 + 5 + -2 - (-65 + 59)?
3
Evaluate 37 + -4 + 1 + -56 + 77 + -24.
31
21 + 1 + (23 - 36)
9
What is the value of -2 - 2 - (-4 + 5 + 4 + -8)?
-1
Calculate -5 - ((-15 - -4) + -6) - 7.
5
What is the value of 9 + (8 - (-8 + 12)) + -11?
2
What is 344 + -357 + 2 + -2 + 2?
-11
What is (-2 - -1) + 2 - (-9 - (-13 - -7))?
4
-3 + -8 + -20 + 25
-6
627 - 654 - (-10 + -3)
-14
-9 - ((1 - (-3 + 4)) + -6)
-3
-11 + (6 - -7) + 9
11
6 - (15 - (9 - 4))
-4
17 + (-20 + 7 + 1 - -10)
15
What is the value of 14 + -33 - (6 + -14)?
-11
Calculate 4 - (16 + -14 + (13 - 5)).
-6
-10 + 2 - -5 - 16
-19
Calculate -1 - (3 + -34 + 20).
10
What is -1 + 21 + 116 + -119?
17
What is 11 - (-20 + 64) - -32?
-1
-12 - 0 - (3 + 7 + -2) - -8
-12
What is the value of 5 + 7 + 2 + -5 + -14 + 5?
0
13 - (26 + 3) - -32
16
-4 - 27 - -22 - 3
-12
Calculate 38 + (5 - 27) + -7.
9
What is 2 - (5 + 10 + -11)?
-2
Calculate (1 - -18 - 5) + (-95 - -49).
-32
Evaluate 0 + (-13 - -27 - 13).
1
Evaluate (-6 + -13 - -5) + (-6 - -9).
-11
What is -1 - (7 + (115 - 141 - (-9 + -1)))?
8
What is 10 + -28 - 1 - (-17 - -7)?
-9
(9 + -10 - (-3 - (-1 + -2))) + 13
12
What is (-1170 - -1181) + (-3 - (-3 - 26))?
37
Calculate (3 - -5) + -2 - (10 - 1) - -2.
-1
What is 10 + -14 + -1 - (0 + -2)?
-3
What is the value of 5 + 2 + 6 + 1 + -24?
-10
What is 225 + -218 + 0 + 4?
11
(-108 - -130) + 2 + 2 + -8
18
Evaluate 3 + 12 + -11 - 4.
0
(-2 - (3 - 1)) + 3 + -1 + 4
2
What is -640 - -593 - (-2 + -33)?
-12
What is (7 - (19 - 0)) + -10?
-22
Calculate -1 + 8 + 3 + (51 - 34).
27
Calculate 4 + -2 - 1 - ((-7 - -1) + 3).
4
What is -6 + (29 + -11 - 1)?
11
Calculate (-8 - (-17 + 10)) + 12.
11
What is the value of 3 - (-37 + 41 + 1)?
-2
(0 + -3 - 11) + 16
2
What is the value of (10 - (-8 - -22)) + 14?
10
What is -1 - (16 + 3) - (-9 - -2)?
-13
(-1 + 21 - -3) + 2 + -12
13
Calculate (-577 - -595) + -1 + -22.
-5
Evaluate 2 - (-14 + (13 - -12)).
-9
Calculate 2 - (-2 + 10) - (-14 + 5 - -14).
-11
Calculate (-13 + 30 - 7) + -8 + 2.
4
-9 - (-297 + 263 - (-14 - 0))
11
What is the value of -3 - -23 - (180 + -165) - (4 + 1)?
0
0 - 3 - (-2 - 25) - (51 - 47)
20
Calculate 12 + -1 + (28 - 32).
7
4 + 40 - (-199 - -210)
33
Calculate -21 + 60 + -29 - -5.
15
Calculate 0 - (-10 + 29 - 19).
0
-16 + 21 + -6 + 4
3
Calculate -11 + -2 - ((1 - 8) + 5).
-11
What is the value of -3 + -58 + 45 + (-1 - 1)?
-18
Calculate 22 - (6 + -3 - (50 + -51)).
18
What is the value of -14 - (33 + (-38 - -11))?
-20
Calculate (13 - (0 - 1)) + (15 - 37) + 21.
13
What is the value of 11 + -14 - (-3 + 1 - 2 - 11)?
12
What is the value of -2 + 12 + 213 + -242?
-19
What is 8 - (4 - 11 - -7)?
8
What is the value of -6 + 6 + -3 + 1 + 5?
3
What is 658 + -635 - (-6 + 0)?
29
What is 5 + 3 - (-82 - -33 - -29)?
28
What is (-3 - 1 - 0 - 0) + (83 - 79)?
0
11 + -115 + 108 + (4 - 0)
8
2 + 8 + 4 + (-11 - -4)
7
Calculate -21 + 14 + -19 + 17.
-9
Calculate -2 + 2 + -5 + (-2 - -10) + -4.
-1
Calculate 20 - ((18 - 20) + 4 - 17).
35
What is the value of -4 + 0 - (3 + 1 + 0 - 7)?
-1
What is (-4 - 2) + 13 + (15 - 21)?
1
Calculate -1 + (-3 - 7 - 0) + 1